+ 9*u(j). Determine x(0).
0
Suppose 0 = 5*q - 20 - 5. Suppose 4*j + 3*i = -18, q*i + 4 = -2*j - 12. Let y(k) = -3 - 2*k**3 + 2*k + k**3 - 3*k**2 + k**2. What is y(j)?
0
Let j(l) = -l - 3. Let r = 7 + -10. Determine j(r).
0
Let z be (-1 + -2)*2/(-3). Let y(b) = 0*b + 3 + 6*b - b + z*b. Let v(u) = -3*u - 2. Let h(p) = 5*v(p) + 2*y(p). What is h(4)?
-8
Let i(b) = -8*b**2 + 2*b**2 - 5*b**3 + 4*b**3 - 5. Give i(-6).
-5
Let g(r) = -r**3 + 9*r**2 + 8*r + 7. Let o(n) = -n**2 - n - 1. Let l(w) = g(w) + 6*o(w). Determine l(3).
7
Let s = 1 - 1. Let x(t) = t**3 + t**2 + t - 1. Let o be x(s). Let f(r) = r**2 + 1. Let p be f(o). Let j(i) = i**3 - i**2 - 2. Calculate j(p).
2
Let b(m) = -5*m - 8. Let l(d) = -d**3 - d**2 + 3*d - 3. Let t be l(-3). Let r(q) = 4*q + 7. Let u(c) = t*r(c) + 5*b(c). Determine u(5).
-3
Let f(m) = -m**3 + 4*m**2 - 4*m - 10. Let s(u) = -3*u**3 + 7*u**2 - 9*u - 22. Let h(i) = -5*f(i) + 2*s(i). Let b be 2*(-2 + 1/(-1)). Calculate h(b).
-6
Let i(s) = -s - 5. Let y = -161 - -167. What is i(y)?
-11
Suppose 3*w - 4*o = 1 - 4, 5*o - 12 = w. Let f(s) = -3*s + s**3 - 2*s**3 + 3*s**2 - 20 + 23. Calculate f(w).
-6
Let i(j) = -j**2 - 6*j. Let o = -21 + 21. Suppose o*g = -4*g - 24. Give i(g).
0
Let d(w) = -6*w**3 + 6*w**2 - w + 3. Let k(i) = -i**3. Let f(c) = d(c) - 5*k(c). Let x be 2*(1 + -1 + -1). Let u be (-18)/x - (-7 + 10). Determine f(u).
-3
Let f(n) = -n - 3. Let p be f(3). Let j be 13/(-3) + 4/p. Let g(v) = 2 - 7 + 4 + v. Give g(j).
-6
Let s(h) = h**2 - 8*h - 7. Suppose 3*g = -m + 17, 3*g = 7*g + m - 24. Calculate s(g).
-14
Let l(o) = 4*o**3 + 3*o**2 - 4*o + 1. Let q(p) = -p**3 - p**2 + p - 1. Let z(b) = -l(b) - 3*q(b). Determine z(-2).
8
Let k(r) = -r**3 + 6*r**2 - 6*r + 5. Suppose 2*g + 18 = -g. Let q = -1 - g. Give k(q).
0
Suppose -2 = -2*w, -2*w + 185 = 4*y + 75. Suppose 2*r - 7*r + y = -h, -2*r = -4*h - 18. Let n(a) = -r*a**2 - 4*a + 3 - 5 - a**3 + 0*a**3. Determine n(-4).
-2
Let h(y) be the second derivative of 3*y**5/10 - y**2/2 + y. Let u(v) = -v**2 + v + 2. Let f be u(0). Let c be (-1)/(-1*f + 3). What is h(c)?
-7
Let o(f) = 2 + 31*f - f**2 + 28*f - 68*f. Calculate o(-8).
10
Let k be 3/7 - 295/35. Let v(h) = -h**2 - 9*h - 5. Determine v(k).
3
Suppose 2*w = -6 + 10. Let o(y) = 4 + 2*y - 3*y - 2*y**w + 0*y. Give o(-3).
-11
Let l(s) = s**2. Let a = 11 - 7. Let r(b) = 3*b**2 + 2*b. Let g(v) = a*l(v) - r(v). Suppose -4*p + 8 = -2*p. Give g(p).
8
Suppose -3*n = 0, 3*r + 55 = -2*r + 4*n. Let g = r - -7. Let h(j) = 2*j - 2 + 3 + 1 + 1. Calculate h(g).
-5
Let b(u) = 2*u**3 - 9 - 3*u**3 - u**2 + 12 - 10. Give b(0).
-7
Let k(u) = 3*u**3 - u**2 + 2*u. Let h(g) = -g**3 - g + 1. Let l(r) = 2*h(r) + k(r). Let d = -8 + 3. Let f(q) = q + 7. Let b be f(d). Give l(b).
6
Let v(g) = -g**2 - g. Suppose 2*x + x = 5*m - 14, -2*m - 2*x = -12. Let t(i) = 0*i - m*i - 14*i**2 + 3*i**2 - 1. Let f(o) = -t(o) + 6*v(o). Calculate f(1).
4
Let u(b) = 11*b + 19. Let s(q) = -3*q - 2. Let g be s(-5). Let f(a) = -5*a - 9. Let t(p) = g*f(p) + 6*u(p). Determine t(5).
2
Suppose -39*n + 16 = -31*n. Let i(b) = -3*b**2 + b + 2. Calculate i(n).
-8
Let w be ((-15)/9)/(0 - 2/(-6)). Let y(u) = -8*u**3 + u**2 - 3*u + 4. Let k(m) = 7*m**3 + 3*m - 3. Let d(h) = 7*k(h) + 6*y(h). Calculate d(w).
13
Let k(y) be the third derivative of -y**5/60 + 5*y**4/24 + y**3 + 13*y**2. Calculate k(5).
6
Let b(d) = -d**2 + d - 1. Let i(s) = 12*s - 4*s - 4 + 8*s**2 + 4 - s**3 + 7. Let u be i(9). Give b(u).
-7
Let y(s) = s - 1. Let v be (-31)/(-5) + 1/(-5). Let x be (-2 - (-12)/9)*v. Let a be y(x). Let j(c) = c**3 + 4*c**2 - 4*c. Calculate j(a).
-5
Let d(u) = u - 1. Let a(y) = -4*y - 3. Let j(n) = a(n) + 2*d(n). What is j(-4)?
3
Let n(c) = -4*c + 12*c + 14*c. Let s(w) = -w. Let h(i) = 2*i**2 + 26*i + 2. Let m be h(-13). Let j(u) = m*n(u) + 36*s(u). Calculate j(1).
8
Let b(x) = x**2 + 11*x + 12. Let k be b(-8). Let z be (k/(-16))/((-2)/(-8)). Let c(y) = y**3 - 4*y**2 + 5*y - 2. What is c(z)?
4
Let i(r) = -r - 2*r + 7*r - 2*r. Determine i(2).
4
Let l(p) be the third derivative of -1/12*p**4 - 1/6*p**3 + 0 - p**2 + 0*p - 1/15*p**5. Let v = -3 - -2. Determine l(v).
-3
Let w(x) be the first derivative of -1/6*x**3 + 1/24*x**4 + 1/60*x**5 + 0*x + 1/2*x**2 + 2. Let y(g) be the second derivative of w(g). Give y(-2).
1
Suppose 18*x = 17*x + 2. Let t(y) = 3*y + y - 1 - y. Give t(x).
5
Let g(w) be the first derivative of 5*w**2/2 - w - 2. Let n(z) = 11*z - 3. Let m(x) = -13*g(x) + 6*n(x). What is m(4)?
-1
Let f(v) = -18*v**2 - 10*v - 15. Let q(m) = 8*m**2 + 5*m + 7. Let s(t) = 3*f(t) + 7*q(t). Suppose 3*l = -l. Suppose l = -4*y + 4 - 16. What is s(y)?
7
Let g(b) = -15*b - 11. Let q(y) = -5*y - 4. Let k(c) = -4*g(c) + 11*q(c). Let u(a) = a - 1. Let w be u(-1). Give k(w).
-10
Let j be (-4)/6 + 48/(-9). Let v(r) = -r + 2. Calculate v(j).
8
Let p(h) = -3*h - 5. Let c be p(-3). Let q(t) = t**3 - 4*t**2 + 2*t + 1. Calculate q(c).
9
Let h(a) = -a**3 + 0 - 6*a + 2 + 0 + 3*a + 5*a**2. Let d be h(4). Let b(k) = k**2 - 6*k - 2. What is b(d)?
-2
Let o(z) = -z**3 + 4 - 3*z**2 - 4*z**2 + z**2 + 206*z - 208*z. Let f be 0/(5/((-15)/9)). Suppose 2*a + 12 = 4*n - 6*n, 2*a - 3*n + 7 = f. Calculate o(a).
-11
Suppose 3*c - v = 7, -3*c + 3*v - 8*v = 17. Let h(q) = 13*q + 1 + 1 + 6*q + 1. Let d(r) = 9*r + 1. Let m(b) = 5*d(b) - 2*h(b). What is m(c)?
6
Let w = 12 + -10. Suppose -6 = w*f + 4. Let d(s) = s**3 + 6*s**2 + 7*s + 7. What is d(f)?
-3
Let h = -10 - -13. Suppose -h*z + 2*b - b - 8 = 0, 5*z = b - 14. Let j(a) = 2*a - 1. Let o(c) = -2*c + 1. Let i(x) = z*j(x) - 4*o(x). Determine i(3).
5
Let h(x) = 11 + 3*x + x - 16 - 3*x. Calculate h(6).
1
Let l(z) = 2*z**2 - 3*z + 2. Let b(a) = a - 8. Let y be b(8). Suppose y = -5*x + 6 + 4. Calculate l(x).
4
Let m(h) = -h + 4. Let u be (-3 - (1 - -1))/((-4)/4). What is m(u)?
-1
Suppose 5*o - o = 8. Let b(n) = -n + 2. Determine b(o).
0
Let c(u) = 5*u - 1. Let w(j) = j. Let z(x) = c(x) - 2*w(x). Let o = 8 - 10. Calculate z(o).
-7
Let q(y) = -15*y**3 + 23*y**2 + 10*y - 17. Let b(g) = 7*g**3 - 11*g**2 - 5*g + 8. Let r(j) = -13*b(j) - 6*q(j). What is r(6)?
-8
Let f(j) = 4 - 3*j - 4 + 3. Let d = 2 - -1. Suppose 14 = 3*m - t, -3*t + d = -4*m - 6*t. Give f(m).
-6
Let y(t) = 3*t**2 - 6*t + 2. Let b be (-1 - -2)*4/2. Let j(u) = 1 - u + 4*u**2 - 2*u**b - 2*u. Let h(w) = 5*j(w) - 3*y(w). Calculate h(-4).
3
Let x(u) be the third derivative of 1/24*u**4 + 7*u**2 - 1/120*u**6 + 0 - 1/15*u**5 + 0*u + 1/6*u**3. Determine x(-4).
-3
Suppose 0 = y + 3*y - 8. Let u(b) = -7 + 4 + 3*b + b + 0*b. Calculate u(y).
5
Let u = -82 + 77. Let m(l) be the first derivative of -1/4*l**4 + 6*l + 2 - 5/2*l**2 - 2*l**3. Determine m(u).
6
Let i = 6 - 4. Let k(h) = -4*h**3 - 19*h**2 - h - 4. Let x(b) = 3*b**3 + 13*b**2 + b + 3. Let q(d) = -5*k(d) - 7*x(d). Determine q(i).
3
Let g(o) be the third derivative of -o**6/120 + o**5/12 - 5*o**4/24 - o**3/2 + 2*o**2. Let m be ((-4)/(-5))/((-5)/(-25)). Calculate g(m).
-7
Let l(g) = g**3 + 3*g**2 + 3. Let v(a) = -a. Let w be v(4). Calculate l(w).
-13
Let u(o) be the third derivative of -o**8/10080 - o**6/720 - o**5/20 + 4*o**2. Let z(x) be the third derivative of u(x). Calculate z(-1).
-3
Let q(h) = h**2 - h + 2. Let w be q(0). Let j(r) = 2*r**2 - 4*r + 2. Let o(v) = -3 + 4*v - 1 - 2*v**2 + 2. Let p(m) = -3*j(m) - 2*o(m). Give p(w).
-2
Let q = -7 - -2. Let h(r) be the second derivative of -1/2*r**2 + 1/6*r**3 - r + 0. What is h(q)?
-6
Let n(d) be the third derivative of -d**7/2520 - d**6/720 - d**5/60 - 2*d**2. Let w(q) be the third derivative of n(q). Determine w(-3).
5
Let f(l) = -l. Let q(b) = 2*b + 4. Let t(x) = 3*f(x) + q(x). Let n be 2/(2 - 0) - -2. Give t(n).
1
Let a(k) = -5*k**2 + k - 5. Let j(y) = -14*y**2 + 3*y - 14. Let n(u) = 17*a(u) - 6*j(u). What is n(-2)?
-3
Let t(h) = -4*h + 2. Let n = -6 - -9. Suppose -7*s + n*s - 8 = 0. Calculate t(s).
10
Let j(i) = i - 1. Let k(y) = -y + 1. Let l(s) = 4*j(s) + 3*k(s). What is l(3)?
2
Let i(h) = h**2 + 2*h - 4. Suppose 21*n - 25*n - 12 = 0. What is i(n)?
-1
Suppose -6*n - 18 = -3*n. Let p(a) = -7*a + 1. Let o(h) = -h. Let c(k) = n*o(k) + p(k). Calculate c(4).
-3
Let l(s) = -s**2 + s. Let m(u) = -u**3 - 6*u**2 + 5*u - 1. Let d(z) = -6*l(z) + m(z). Calculate d(-2).
9
Let d(q) = -5*q**3 - 5*q**2 - 5*q - 5. Let n(p) = -11*p**3 - 10*p**2 -